{"id":3237,"date":"2025-12-12T13:52:06","date_gmt":"2025-12-12T10:52:06","guid":{"rendered":"https:\/\/lipsosotel.com\/staging\/?page_id=3237"},"modified":"2026-03-09T20:26:49","modified_gmt":"2026-03-09T17:26:49","slug":"lipsos-otel-restaurant","status":"publish","type":"page","link":"https:\/\/lipsosotel.com\/","title":{"rendered":"Lipsos Otel &#038; Restaurant"},"content":{"rendered":"\t\t<div data-elementor-type=\"wp-page\" data-elementor-id=\"3237\" class=\"elementor elementor-3237\" data-elementor-post-type=\"page\">\n\t\t\t\t<div class=\"elementor-element elementor-element-afb80b2 e-flex e-con-boxed e-con e-parent\" data-id=\"afb80b2\" data-element_type=\"container\" data-e-type=\"container\">\n\t\t\t\t\t<div class=\"e-con-inner\">\n\t\t\t\t<div class=\"elementor-element elementor-element-b30b102 elementor-widget elementor-widget-text-editor\" data-id=\"b30b102\" data-element_type=\"widget\" data-e-type=\"widget\" data-widget_type=\"text-editor.default\">\n\t\t\t\t\t\t\t\t\t<h1>Lipsos Otel &amp; Restaurant<\/h1>\t\t\t\t\t\t\t\t<\/div>\n\t\t\t\t\t<\/div>\n\t\t\t\t<\/div>\n\t\t<div class=\"elementor-element elementor-element-0ffb023 e-grid e-con-boxed e-con e-parent\" data-id=\"0ffb023\" data-element_type=\"container\" data-e-type=\"container\">\n\t\t\t\t\t<div class=\"e-con-inner\">\n\t\t\t\t<div class=\"elementor-element elementor-element-7c726f0 elementor-widget elementor-widget-image\" data-id=\"7c726f0\" data-element_type=\"widget\" data-e-type=\"widget\" data-widget_type=\"image.default\">\n\t\t\t\t\t\t\t\t\t\t\t\t<figure class=\"wp-caption\">\n\t\t\t\t\t\t\t\t\t\t\t<a href=\"https:\/\/lipsosotel.com\/index.php\/konaklama\/\">\n\t\t\t\t\t\t\t<img fetchpriority=\"high\" decoding=\"async\" width=\"1024\" height=\"1024\" src=\"https:\/\/lipsosotel.com\/wp-content\/uploads\/2026\/03\/OTEL-ICIN-TIKLAYINIZ_20260309_192847_0001-1024x1024.jpg\" class=\"attachment-large size-large wp-image-4162\" alt=\"\" srcset=\"https:\/\/lipsosotel.com\/wp-content\/uploads\/2026\/03\/OTEL-ICIN-TIKLAYINIZ_20260309_192847_0001-1024x1024.jpg 1024w, https:\/\/lipsosotel.com\/wp-content\/uploads\/2026\/03\/OTEL-ICIN-TIKLAYINIZ_20260309_192847_0001-300x300.jpg 300w, https:\/\/lipsosotel.com\/wp-content\/uploads\/2026\/03\/OTEL-ICIN-TIKLAYINIZ_20260309_192847_0001-150x150.jpg 150w, https:\/\/lipsosotel.com\/wp-content\/uploads\/2026\/03\/OTEL-ICIN-TIKLAYINIZ_20260309_192847_0001-768x768.jpg 768w, https:\/\/lipsosotel.com\/wp-content\/uploads\/2026\/03\/OTEL-ICIN-TIKLAYINIZ_20260309_192847_0001.jpg 1080w\" sizes=\"(max-width: 1024px) 100vw, 1024px\" \/>\t\t\t\t\t\t\t\t<\/a>\n\t\t\t\t\t\t\t\t\t\t\t<figcaption class=\"widget-image-caption wp-caption-text\"><\/figcaption>\n\t\t\t\t\t\t\t\t\t\t<\/figure>\n\t\t\t\t\t\t\t\t\t<\/div>\n\t\t\t\t<div class=\"elementor-element elementor-element-b2a2af9 elementor-widget elementor-widget-image\" data-id=\"b2a2af9\" data-element_type=\"widget\" data-e-type=\"widget\" data-widget_type=\"image.default\">\n\t\t\t\t\t\t\t\t\t\t\t\t<figure class=\"wp-caption\">\n\t\t\t\t\t\t\t\t\t\t\t<a href=\"https:\/\/lipsosotel.com\/index.php\/restaurant\/\">\n\t\t\t\t\t\t\t<img decoding=\"async\" width=\"1024\" height=\"1024\" src=\"https:\/\/lipsosotel.com\/wp-content\/uploads\/2026\/03\/OTEL-ICIN-TIKLAYINIZ_20260309_192847_0000-1024x1024.jpg\" class=\"attachment-large size-large wp-image-4161\" alt=\"\" srcset=\"https:\/\/lipsosotel.com\/wp-content\/uploads\/2026\/03\/OTEL-ICIN-TIKLAYINIZ_20260309_192847_0000-1024x1024.jpg 1024w, https:\/\/lipsosotel.com\/wp-content\/uploads\/2026\/03\/OTEL-ICIN-TIKLAYINIZ_20260309_192847_0000-300x300.jpg 300w, https:\/\/lipsosotel.com\/wp-content\/uploads\/2026\/03\/OTEL-ICIN-TIKLAYINIZ_20260309_192847_0000-150x150.jpg 150w, https:\/\/lipsosotel.com\/wp-content\/uploads\/2026\/03\/OTEL-ICIN-TIKLAYINIZ_20260309_192847_0000-768x768.jpg 768w, https:\/\/lipsosotel.com\/wp-content\/uploads\/2026\/03\/OTEL-ICIN-TIKLAYINIZ_20260309_192847_0000.jpg 1080w\" sizes=\"(max-width: 1024px) 100vw, 1024px\" \/>\t\t\t\t\t\t\t\t<\/a>\n\t\t\t\t\t\t\t\t\t\t\t<figcaption class=\"widget-image-caption wp-caption-text\"><\/figcaption>\n\t\t\t\t\t\t\t\t\t\t<\/figure>\n\t\t\t\t\t\t\t\t\t<\/div>\n\t\t\t\t\t<\/div>\n\t\t\t\t<\/div>\n\t\t<div class=\"elementor-element elementor-element-58b543a e-grid e-con-full e-con e-parent\" data-id=\"58b543a\" data-element_type=\"container\" data-e-type=\"container\">\n\t\t\t\t<div class=\"elementor-element elementor-element-1f309d5 elementor-widget elementor-widget-text-editor\" data-id=\"1f309d5\" data-element_type=\"widget\" data-e-type=\"widget\" data-widget_type=\"text-editor.default\">\n\t\t\t\t\t\t\t\t\t<p><strong><em>Lipsos;<\/em><\/strong><\/p><p><em>S\u00fckunet ve huzur arayanlar\u0131n,<\/em><\/p><p><em>\u201cDenizden babam \u00e7\u0131ksa yerim\u201d diyenlerin,<\/em><\/p><p><em>Dalga sesiyle uyumak isteyenlerin,<\/em><\/p><p><em>TV, m\u00fczik, klakson sesi duymadan kitap okumaya hasret \u00e7ekenlerin,<\/em><\/p><p><em>Yiyece\u011fin en do\u011fal\u0131n\u0131 yemeyi en do\u011fal hakk\u0131 g\u00f6renlerin,<\/em><\/p><p><em>Denize naz\u0131r sofralarda kafa \u00e7ekmeyi keyif bilenlerin,<\/em><\/p><p><em>P\u0131r\u0131l p\u0131r\u0131l sulara dalarak kendinden ge\u00e7enlerin,<\/em><\/p><p><em>Sohbetlerin yeni dostluklara d\u00f6n\u00fc\u015fmesini k\u0131ymet bilenlerin,<\/em><\/p><p><em>Do\u011fadan ba\u015fka s\u0131\u011f\u0131nacak yeri olmayanlar\u0131n yeri\u2026<\/em><\/p><p><em>KASMAZ ve KASTIRMAZSAN\u00a0<img decoding=\"async\" class=\"emoji\" role=\"img\" draggable=\"false\" src=\"https:\/\/s.w.org\/images\/core\/emoji\/15.0.3\/svg\/1f642.svg\" alt=\"\ud83d\ude42\" \/><\/em><\/p>\t\t\t\t\t\t\t\t<\/div>\n\t\t\t\t<div class=\"elementor-element elementor-element-b4dd615 elementor-widget elementor-widget-text-editor\" data-id=\"b4dd615\" data-element_type=\"widget\" data-e-type=\"widget\" data-widget_type=\"text-editor.default\">\n\t\t\t\t\t\t\t\t\t<p>\u00a0<\/p><p>\u00a0Karaburun&#8217;da do\u011fayla i\u00e7 i\u00e7e sakin bir konaklama deneyimi.<\/p><p>Lipsos Otel&#8217;de denize kar\u015f\u0131 uyanmak;<\/p><p>\u00d6zenle haz\u0131rlanm\u0131\u015f sofralarda bulu\u015fmak i\u00e7in bize ula\u015f\u0131n.<\/p><p>\u00a0<\/p><h4><em>Karaburun&#8217;da Yap\u0131lacak \u015eeyler:<\/em><\/h4><ul><li><h6>Karaburun Koylar\u0131n\u0131 Ke\u015ffet<\/h6><\/li><li><h6>Karaburun Gezilecek Yerler<\/h6><\/li><li><h6>Karaburun Tatil Rehberi<\/h6><\/li><li><h6>Karaburun Su Sporlar\u0131<\/h6><\/li><\/ul>\t\t\t\t\t\t\t\t<\/div>\n\t\t\t\t<\/div>\n\t\t\t\t<\/div>\n\t\t","protected":false},"excerpt":{"rendered":"<p>Lipsos Otel &amp; Restaurant Lipsos; S\u00fckunet ve huzur arayanlar\u0131n, \u201cDenizden babam \u00e7\u0131ksa yerim\u201d diyenlerin, Dalga sesiyle uyumak isteyenlerin, TV, m\u00fczik, [&hellip;]<\/p>\n","protected":false},"author":1,"featured_media":0,"parent":0,"menu_order":0,"comment_status":"closed","ping_status":"closed","template":"","meta":{"_acf_changed":false,"site-sidebar-layout":"no-sidebar","site-content-layout":"","ast-site-content-layout":"full-width-container","site-content-style":"default","site-sidebar-style":"default","ast-global-header-display":"","ast-banner-title-visibility":"","ast-main-header-display":"","ast-hfb-above-header-display":"","ast-hfb-below-header-display":"","ast-hfb-mobile-header-display":"","site-post-title":"disabled","ast-breadcrumbs-content":"","ast-featured-img":"disabled","footer-sml-layout":"","theme-transparent-header-meta":"disabled","adv-header-id-meta":"","stick-header-meta":"","header-above-stick-meta":"","header-main-stick-meta":"","header-below-stick-meta":"","astra-migrate-meta-layouts":"set","ast-page-background-enabled":"default","ast-page-background-meta":{"desktop":{"background-color":"var(--ast-global-color-5)","background-image":"","background-repeat":"repeat","background-position":"center center","background-size":"auto","background-attachment":"scroll","background-type":"","background-media":"","overlay-type":"","overlay-color":"","overlay-opacity":"","overlay-gradient":""},"tablet":{"background-color":"","background-image":"","background-repeat":"repeat","background-position":"center center","background-size":"auto","background-attachment":"scroll","background-type":"","background-media":"","overlay-type":"","overlay-color":"","overlay-opacity":"","overlay-gradient":""},"mobile":{"background-color":"","background-image":"","background-repeat":"repeat","background-position":"center center","background-size":"auto","background-attachment":"scroll","background-type":"","background-media":"","overlay-type":"","overlay-color":"","overlay-opacity":"","overlay-gradient":""}},"ast-content-background-meta":{"desktop":{"background-color":"var(--ast-global-color-4)","background-image":"","background-repeat":"repeat","background-position":"center center","background-size":"auto","background-attachment":"scroll","background-type":"","background-media":"","overlay-type":"","overlay-color":"","overlay-opacity":"","overlay-gradient":""},"tablet":{"background-color":"var(--ast-global-color-4)","background-image":"","background-repeat":"repeat","background-position":"center center","background-size":"auto","background-attachment":"scroll","background-type":"","background-media":"","overlay-type":"","overlay-color":"","overlay-opacity":"","overlay-gradient":""},"mobile":{"background-color":"var(--ast-global-color-4)","background-image":"","background-repeat":"repeat","background-position":"center center","background-size":"auto","background-attachment":"scroll","background-type":"","background-media":"","overlay-type":"","overlay-color":"","overlay-opacity":"","overlay-gradient":""}},"footnotes":""},"class_list":["post-3237","page","type-page","status-publish","hentry"],"acf":[],"yoast_head":"<!-- This site is optimized with the Yoast SEO plugin v26.0 - https:\/\/yoast.com\/wordpress\/plugins\/seo\/ -->\n<title>Lipsos Otel - Karaburun Butik Otel ve Deniz Manzaral\u0131 Konaklama<\/title>\n<meta name=\"description\" content=\"Karaburun&#039;da deniz manzaral\u0131 huzurlu bir konaklama deneyimi. Lipsos Otel&#039;de do\u011fa, sakinlik ve Ege mutfa\u011f\u0131&#039;n\u0131n e\u015fsiz lezzetleri bir arada.\" \/>\n<meta name=\"robots\" content=\"index, follow, max-snippet:-1, max-image-preview:large, max-video-preview:-1\" \/>\n<link rel=\"canonical\" href=\"https:\/\/lipsosotel.com\/\" \/>\n<meta property=\"og:locale\" content=\"tr_TR\" \/>\n<meta property=\"og:type\" content=\"article\" \/>\n<meta property=\"og:title\" content=\"Lipsos Otel - Karaburun Butik Otel ve Deniz Manzaral\u0131 Konaklama\" \/>\n<meta property=\"og:description\" content=\"Karaburun&#039;da deniz manzaral\u0131 huzurlu bir konaklama deneyimi. Lipsos Otel&#039;de do\u011fa, sakinlik ve Ege mutfa\u011f\u0131&#039;n\u0131n e\u015fsiz lezzetleri bir arada.\" \/>\n<meta property=\"og:url\" content=\"https:\/\/lipsosotel.com\/\" \/>\n<meta property=\"article:modified_time\" content=\"2026-03-09T17:26:49+00:00\" \/>\n<meta property=\"og:image\" content=\"https:\/\/lipsosotel.com\/wp-content\/uploads\/2026\/03\/OTEL-ICIN-TIKLAYINIZ_20260309_192847_0001.jpg\" \/>\n\t<meta property=\"og:image:width\" content=\"1080\" \/>\n\t<meta property=\"og:image:height\" content=\"1080\" \/>\n\t<meta property=\"og:image:type\" content=\"image\/jpeg\" \/>\n<meta name=\"twitter:card\" content=\"summary_large_image\" \/>\n<meta name=\"twitter:label1\" content=\"Tahmini okuma s\u00fcresi\" \/>\n\t<meta name=\"twitter:data1\" content=\"2 dakika\" \/>\n<script type=\"application\/ld+json\" class=\"yoast-schema-graph\">{\"@context\":\"https:\/\/schema.org\",\"@graph\":[{\"@type\":\"WebPage\",\"@id\":\"https:\/\/lipsosotel.com\/\",\"url\":\"https:\/\/lipsosotel.com\/\",\"name\":\"Lipsos Otel - Karaburun Butik Otel ve Deniz Manzaral\u0131 Konaklama\",\"isPartOf\":{\"@id\":\"https:\/\/lipsosotel.com\/#website\"},\"primaryImageOfPage\":{\"@id\":\"https:\/\/lipsosotel.com\/#primaryimage\"},\"image\":{\"@id\":\"https:\/\/lipsosotel.com\/#primaryimage\"},\"thumbnailUrl\":\"https:\/\/lipsosotel.com\/wp-content\/uploads\/2026\/03\/OTEL-ICIN-TIKLAYINIZ_20260309_192847_0001-1024x1024.jpg\",\"datePublished\":\"2025-12-12T10:52:06+00:00\",\"dateModified\":\"2026-03-09T17:26:49+00:00\",\"description\":\"Karaburun'da deniz manzaral\u0131 huzurlu bir konaklama deneyimi. Lipsos Otel'de do\u011fa, sakinlik ve Ege mutfa\u011f\u0131'n\u0131n e\u015fsiz lezzetleri bir arada.\",\"breadcrumb\":{\"@id\":\"https:\/\/lipsosotel.com\/#breadcrumb\"},\"inLanguage\":\"tr\",\"potentialAction\":[{\"@type\":\"ReadAction\",\"target\":[\"https:\/\/lipsosotel.com\/\"]}]},{\"@type\":\"ImageObject\",\"inLanguage\":\"tr\",\"@id\":\"https:\/\/lipsosotel.com\/#primaryimage\",\"url\":\"https:\/\/lipsosotel.com\/wp-content\/uploads\/2026\/03\/OTEL-ICIN-TIKLAYINIZ_20260309_192847_0001.jpg\",\"contentUrl\":\"https:\/\/lipsosotel.com\/wp-content\/uploads\/2026\/03\/OTEL-ICIN-TIKLAYINIZ_20260309_192847_0001.jpg\",\"width\":1080,\"height\":1080},{\"@type\":\"BreadcrumbList\",\"@id\":\"https:\/\/lipsosotel.com\/#breadcrumb\",\"itemListElement\":[{\"@type\":\"ListItem\",\"position\":1,\"name\":\"Anasayfa\",\"item\":\"https:\/\/lipsosotel.com\/\"},{\"@type\":\"ListItem\",\"position\":2,\"name\":\"Lipsos Otel &#038; Restaurant\"}]},{\"@type\":\"WebSite\",\"@id\":\"https:\/\/lipsosotel.com\/#website\",\"url\":\"https:\/\/lipsosotel.com\/\",\"name\":\"\",\"description\":\"Deniz k\u0131y\u0131s\u0131nda konaklama, Ege mutfa\u011f\u0131 &amp; Deniz \u00fcr\u00fcnleri restoran\u0131\",\"potentialAction\":[{\"@type\":\"SearchAction\",\"target\":{\"@type\":\"EntryPoint\",\"urlTemplate\":\"https:\/\/lipsosotel.com\/?s={search_term_string}\"},\"query-input\":{\"@type\":\"PropertyValueSpecification\",\"valueRequired\":true,\"valueName\":\"search_term_string\"}}],\"inLanguage\":\"tr\"}]}<\/script>\n<!-- \/ Yoast SEO plugin. -->","yoast_head_json":{"title":"Lipsos Otel - Karaburun Butik Otel ve Deniz Manzaral\u0131 Konaklama","description":"Karaburun'da deniz manzaral\u0131 huzurlu bir konaklama deneyimi. Lipsos Otel'de do\u011fa, sakinlik ve Ege mutfa\u011f\u0131'n\u0131n e\u015fsiz lezzetleri bir arada.","robots":{"index":"index","follow":"follow","max-snippet":"max-snippet:-1","max-image-preview":"max-image-preview:large","max-video-preview":"max-video-preview:-1"},"canonical":"https:\/\/lipsosotel.com\/","og_locale":"tr_TR","og_type":"article","og_title":"Lipsos Otel - Karaburun Butik Otel ve Deniz Manzaral\u0131 Konaklama","og_description":"Karaburun'da deniz manzaral\u0131 huzurlu bir konaklama deneyimi. Lipsos Otel'de do\u011fa, sakinlik ve Ege mutfa\u011f\u0131'n\u0131n e\u015fsiz lezzetleri bir arada.","og_url":"https:\/\/lipsosotel.com\/","article_modified_time":"2026-03-09T17:26:49+00:00","og_image":[{"width":1080,"height":1080,"url":"https:\/\/lipsosotel.com\/wp-content\/uploads\/2026\/03\/OTEL-ICIN-TIKLAYINIZ_20260309_192847_0001.jpg","type":"image\/jpeg"}],"twitter_card":"summary_large_image","twitter_misc":{"Tahmini okuma s\u00fcresi":"2 dakika"},"schema":{"@context":"https:\/\/schema.org","@graph":[{"@type":"WebPage","@id":"https:\/\/lipsosotel.com\/","url":"https:\/\/lipsosotel.com\/","name":"Lipsos Otel - Karaburun Butik Otel ve Deniz Manzaral\u0131 Konaklama","isPartOf":{"@id":"https:\/\/lipsosotel.com\/#website"},"primaryImageOfPage":{"@id":"https:\/\/lipsosotel.com\/#primaryimage"},"image":{"@id":"https:\/\/lipsosotel.com\/#primaryimage"},"thumbnailUrl":"https:\/\/lipsosotel.com\/wp-content\/uploads\/2026\/03\/OTEL-ICIN-TIKLAYINIZ_20260309_192847_0001-1024x1024.jpg","datePublished":"2025-12-12T10:52:06+00:00","dateModified":"2026-03-09T17:26:49+00:00","description":"Karaburun'da deniz manzaral\u0131 huzurlu bir konaklama deneyimi. Lipsos Otel'de do\u011fa, sakinlik ve Ege mutfa\u011f\u0131'n\u0131n e\u015fsiz lezzetleri bir arada.","breadcrumb":{"@id":"https:\/\/lipsosotel.com\/#breadcrumb"},"inLanguage":"tr","potentialAction":[{"@type":"ReadAction","target":["https:\/\/lipsosotel.com\/"]}]},{"@type":"ImageObject","inLanguage":"tr","@id":"https:\/\/lipsosotel.com\/#primaryimage","url":"https:\/\/lipsosotel.com\/wp-content\/uploads\/2026\/03\/OTEL-ICIN-TIKLAYINIZ_20260309_192847_0001.jpg","contentUrl":"https:\/\/lipsosotel.com\/wp-content\/uploads\/2026\/03\/OTEL-ICIN-TIKLAYINIZ_20260309_192847_0001.jpg","width":1080,"height":1080},{"@type":"BreadcrumbList","@id":"https:\/\/lipsosotel.com\/#breadcrumb","itemListElement":[{"@type":"ListItem","position":1,"name":"Anasayfa","item":"https:\/\/lipsosotel.com\/"},{"@type":"ListItem","position":2,"name":"Lipsos Otel &#038; Restaurant"}]},{"@type":"WebSite","@id":"https:\/\/lipsosotel.com\/#website","url":"https:\/\/lipsosotel.com\/","name":"","description":"Deniz k\u0131y\u0131s\u0131nda konaklama, Ege mutfa\u011f\u0131 &amp; Deniz \u00fcr\u00fcnleri restoran\u0131","potentialAction":[{"@type":"SearchAction","target":{"@type":"EntryPoint","urlTemplate":"https:\/\/lipsosotel.com\/?s={search_term_string}"},"query-input":{"@type":"PropertyValueSpecification","valueRequired":true,"valueName":"search_term_string"}}],"inLanguage":"tr"}]}},"_links":{"self":[{"href":"https:\/\/lipsosotel.com\/index.php\/wp-json\/wp\/v2\/pages\/3237","targetHints":{"allow":["GET"]}}],"collection":[{"href":"https:\/\/lipsosotel.com\/index.php\/wp-json\/wp\/v2\/pages"}],"about":[{"href":"https:\/\/lipsosotel.com\/index.php\/wp-json\/wp\/v2\/types\/page"}],"author":[{"embeddable":true,"href":"https:\/\/lipsosotel.com\/index.php\/wp-json\/wp\/v2\/users\/1"}],"replies":[{"embeddable":true,"href":"https:\/\/lipsosotel.com\/index.php\/wp-json\/wp\/v2\/comments?post=3237"}],"version-history":[{"count":52,"href":"https:\/\/lipsosotel.com\/index.php\/wp-json\/wp\/v2\/pages\/3237\/revisions"}],"predecessor-version":[{"id":4165,"href":"https:\/\/lipsosotel.com\/index.php\/wp-json\/wp\/v2\/pages\/3237\/revisions\/4165"}],"wp:attachment":[{"href":"https:\/\/lipsosotel.com\/index.php\/wp-json\/wp\/v2\/media?parent=3237"}],"curies":[{"name":"wp","href":"https:\/\/api.w.org\/{rel}","templated":true}]}}